What are the prime factors of 4587?
3, 11, 139
List the prime factors of 99758.
2, 31, 1609
List the prime factors of 899.
29, 31
What are the prime factors of 789?
3, 263
What are the prime factors of 3641?
11, 331
List the prime factors of 1648.
2, 103
List the prime factors of 21655.
5, 61, 71
What are the prime factors of 15568?
2, 7, 139
What are the prime factors of 51115?
5, 10223
What are the prime factors of 4757?
67, 71
What are the prime factors of 69467?
69467
List the prime factors of 8517.
3, 17, 167
What are the prime factors of 1842?
2, 3, 307
What are the prime factors of 2319?
3, 773
List the prime factors of 22231.
11, 43, 47
What are the prime factors of 102408?
2, 3, 17, 251
List the prime factors of 84959.
7, 53, 229
What are the prime factors of 87509?
87509
What are the prime factors of 5050?
2, 5, 101
List the prime factors of 4982.
2, 47, 53
List the prime factors of 1081.
23, 47
What are the prime factors of 13?
13
What are the prime factors of 862?
2, 431
List the prime factors of 2844.
2, 3, 79
What are the prime factors of 4257?
3, 11, 43
List the prime factors of 882.
2, 3, 7
What are the prime factors of 6021?
3, 223
What are the prime factors of 111080?
2, 5, 2777
What are the prime factors of 162188?
2, 13, 3119
What are the prime factors of 2468?
2, 617
What are the prime factors of 17826?
2, 3, 2971
List the prime factors of 14742.
2, 3, 7, 13
List the prime factors of 8980.
2, 5, 449
List the prime factors of 20687.
137, 151
What are the prime factors of 38291?
11, 59
What are the prime factors of 4489?
67
List the prime factors of 4773.
3, 37, 43
List the prime factors of 2757.
3, 919
What are the prime factors of 2004?
2, 3, 167
List the prime factors of 346.
2, 173
What are the prime factors of 8182?
2, 4091
What are the prime factors of 29666?
2, 7, 13, 163
List the prime factors of 505.
5, 101
List the prime factors of 310.
2, 5, 31
What are the prime factors of 783?
3, 29
What are the prime factors of 71710?
2, 5, 71, 101
What are the prime factors of 1022?
2, 7, 73
List the prime factors of 3058.
2, 11, 139
List the prime factors of 4961.
11, 41
What are the prime factors of 25545?
3, 5, 13, 131
List the prime factors of 2220.
2, 3, 5, 37
What are the prime factors of 64781?
64781
What are the prime factors of 9065?
5, 7, 37
What are the prime factors of 43062?
2, 3, 7177
List the prime factors of 2304.
2, 3
What are the prime factors of 12847?
29, 443
List the prime factors of 3681.
3, 409
List the prime factors of 2237.
2237
What are the prime factors of 642?
2, 3, 107
List the prime factors of 3038.
2, 7, 31
What are the prime factors of 69718?
2, 11, 3169
List the prime factors of 138926.
2, 69463
What are the prime factors of 714?
2, 3, 7, 17
What are the prime factors of 37924?
2, 19, 499
List the prime factors of 22574.
2, 11287
List the prime factors of 1518.
2, 3, 11, 23
List the prime factors of 5948.
2, 1487
List the prime factors of 2771.
17, 163
What are the prime factors of 2989?
7, 61
What are the prime factors of 157?
157
List the prime factors of 1966.
2, 983
List the prime factors of 611.
13, 47
List the prime factors of 12094.
2, 6047
List the prime factors of 42064.
2, 11, 239
List the prime factors of 18802.
2, 7, 17, 79
What are the prime factors of 68?
2, 17
List the prime factors of 690.
2, 3, 5, 23
List the prime factors of 3097.
19, 163
What are the prime factors of 28367?
19, 1493
List the prime factors of 24335.
5, 31, 157
What are the prime factors of 90158?
2, 61, 739
List the prime factors of 13121.
13121
List the prime factors of 186.
2, 3, 31
What are the prime factors of 103316?
2, 23, 1123
List the prime factors of 3428.
2, 857
What are the prime factors of 5294?
2, 2647
What are the prime factors of 482?
2, 241
What are the prime factors of 23365?
5, 4673
List the prime factors of 4083.
3, 1361
List the prime factors of 41498.
2, 20749
What are the prime factors of 31222?
2, 67, 233
List the prime factors of 186425.
5, 7457
List the prime factors of 1332.
2, 3, 37
What are the prime factors of 881?
881
What are the prime factors of 123?
3, 41
List the prime factors of 4190.
2, 5, 419
What are the prime factors of 110696?
2, 101, 137
What are the prime factors of 3992?
2, 499
List the prime factors of 9843.
3, 17, 193
What are the prime factors of 35599?
97, 367
List the prime factors of 1128.
2, 3, 47
What are the prime factors of 48610?
2, 5, 4861
List the prime factors of 1123.
1123
List the prime factors of 4442.
2, 2221
List the prime factors of 53518.
2, 26759
List the prime factors of 101629.
11, 9239
What are the prime factors of 653?
653
List the prime factors of 3327.
3, 1109
What are the prime factors of 41147?
23, 1789
List the prime factors of 2038.
2, 1019
List the prime factors of 835.
5, 167
What are the prime factors of 1898?
2, 13, 73
List the prime factors of 1281.
3, 7, 61
What are the prime factors of 2252?
2, 563
List the prime factors of 5373.
3, 199
What are the prime factors of 8151?
3, 11, 13, 19
List the prime factors of 124277.
124277
What are the prime factors of 728?
2, 7, 13
What are the prime factors of 2054?
2, 13, 79
What are the prime factors of 901?
17, 53
What are the prime factors of 2121?
3, 7, 101
List the prime factors of 4745.
5, 13, 73
What are the prime factors of 21071?
19, 1109
What are the prime factors of 498?
2, 3, 83
What are the prime factors of 94360?
2, 5, 7, 337
List the prime factors of 6462.
2, 3, 359
What are the prime factors of 144?
2, 3
List the prime factors of 118306.
2, 149, 397
What are the prime factors of 49763?
7, 7109
What are the prime factors of 6186?
2, 3, 1031
What are the prime factors of 6969?
3, 23, 101
List the prime factors of 22339.
89, 251
What are the prime factors of 10796?
2, 2699
List the prime factors of 8737.
8737
What are the prime factors of 701?
701
What are the prime factors of 48798?
2, 3, 2711
List the prime factors of 66544.
2, 4159
List the prime factors of 1267.
7, 181
What are the prime factors of 43880?
2, 5, 1097
What are the prime factors of 2932?
2, 733
List the prime factors of 6640.
2, 5, 83
List the prime factors of 1328.
2, 83
What are the prime factors of 11560?
2, 5, 17
What are the prime factors of 377?
13, 29
List the prime factors of 1015.
5, 7, 29
What are the prime factors of 1425?
3, 5, 19
List the prime factors of 47241.
3, 29, 181
What are the prime factors of 1558?
2, 19, 41
What are the prime factors of 8681?
8681
List the prime factors of 615.
3, 5, 41
What are the prime factors of 181?
181
What are the prime factors of 10093?
10093
What are the prime factors of 19195?
5, 11, 349
What are the prime factors of 1169?
7, 167
List the prime factors of 31845.
3, 5, 11, 193
List the prime factors of 5158.
2, 2579
What are the prime factors of 4588?
2, 31, 37
List the prime factors of 40219.
37, 1087
List the prime factors of 5924.
2, 1481
What are the prime factors of 859?
859
What are the prime factors of 6315?
3, 5, 421
What are the prime factors of 15546?
2, 3, 2591
What are the prime factors of 1302?
2, 3, 7, 31
List the prime factors of 3280.
2, 5, 41
What are the prime factors of 2509?
13, 193
List the prime factors of 338.
2, 13
List the prime factors of 269.
269
What are the prime factors of 911?
911
What are the prime factors of 9656?
2, 17, 71
What are the prime factors of 1101?
3, 367
List the prime factors of 3687.
3, 1229
What are the prime factors of 59550?
2, 3, 5, 397
List the prime factors of 506.
2, 11, 23
List the prime factors of 8789.
11, 17, 47
List the prime factors of 2513.
7, 359
List the prime factors of 77.
7, 11
List the prime factors of 4153.
4153
List the prime factors of 4671.
3, 173
What are the prime factors of 959?
7, 137
List the prime factors of 20201.
20201
What are the prime factors of 13493?
103, 131
List the prime factors of 26502.
2, 3, 7, 631
List the prime factors of 1824.
2, 3, 19
What are the prime factors of 22718?
2, 37, 307
List the prime factors of 4498.
2, 13, 173
List the prime factors of 3003.
3, 7, 11, 13
What are the prime factors of 148073?
148073
What are the prime factors of 124?
2, 31
List the prime factors of 2627.
37, 71
What are the prime factors of 661?
661
What are the prime factors of 1700?